d by 1743437.
9
Calculate the remainder when 422560 is divided by 29.
1
What is the remainder when 2792024 is divided by 2161?
12
What is the remainder when 4274750 is divided by 98?
88
What is the remainder when 7244322 is divided by 3777?
36
What is the remainder when 2445940 is divided by 3136?
2996
What is the remainder when 7847879 is divided by 22?
17
What is the remainder when 42471 is divided by 9505?
4451
What is the remainder when 2906514 is divided by 254?
246
What is the remainder when 2205601 is divided by 14048?
65
Calculate the remainder when 994607 is divided by 583.
9
What is the remainder when 11804363 is divided by 344?
3
What is the remainder when 183722 is divided by 62?
16
Calculate the remainder when 2507887 is divided by 1253870.
147
What is the remainder when 267234 is divided by 9544?
2
What is the remainder when 124853519 is divided by 264?
263
Calculate the remainder when 33551614 is divided by 32.
30
What is the remainder when 370648 is divided by 40?
8
What is the remainder when 155317243 is divided by 4993?
4985
What is the remainder when 1688194 is divided by 32?
2
What is the remainder when 1474712 is divided by 5?
2
What is the remainder when 658321 is divided by 82288?
17
What is the remainder when 1148938 is divided by 2992?
10
Calculate the remainder when 316300 is divided by 310784.
5516
What is the remainder when 9540373 is divided by 195?
193
What is the remainder when 469681089 is divided by 2?
1
What is the remainder when 456598190 is divided by 78?
74
Calculate the remainder when 117437394 is divided by 275029.
11
What is the remainder when 6341 is divided by 226?
13
What is the remainder when 22256306 is divided by 11128151?
4
Calculate the remainder when 429153 is divided by 600.
153
What is the remainder when 119535 is divided by 39594?
753
What is the remainder when 421650 is divided by 74?
72
What is the remainder when 436800 is divided by 2397?
546
What is the remainder when 35155 is divided by 4986?
253
What is the remainder when 57228 is divided by 1781?
236
What is the remainder when 732630 is divided by 679?
668
What is the remainder when 217737 is divided by 217735?
2
Calculate the remainder when 1268298 is divided by 496.
26
What is the remainder when 1920443 is divided by 35?
28
What is the remainder when 157203 is divided by 14210?
893
Calculate the remainder when 7171 is divided by 256.
3
What is the remainder when 6569626 is divided by 3284728?
170
What is the remainder when 863712 is divided by 21592?
32
What is the remainder when 3774 is divided by 3388?
386
Calculate the remainder when 20320 is divided by 6376.
1192
What is the remainder when 8217 is divided by 8066?
151
Calculate the remainder when 911328 is divided by 455439.
450
What is the remainder when 7656 is divided by 1951?
1803
Calculate the remainder when 57304 is divided by 1749.
1336
What is the remainder when 461654 is divided by 51286?
80
What is the remainder when 5610670 is divided by 510052?
98
What is the remainder when 217664 is divided by 1182?
176
What is the remainder when 126619 is divided by 10556?
10503
What is the remainder when 48354359 is divided by 1861?
1857
What is the remainder when 365683 is divided by 21?
10
What is the remainder when 1269117 is divided by 35253?
9
Calculate the remainder when 636228 is divided by 2135.
2133
What is the remainder when 1161005 is divided by 660?
65
What is the remainder when 1075212 is divided by 153457?
1013
What is the remainder when 1061591324 is divided by 298?
296
What is the remainder when 40974 is divided by 10237?
26
What is the remainder when 378613 is divided by 1439?
156
What is the remainder when 2200387 is divided by 1100142?
103
Calculate the remainder when 9446152 is divided by 58.
40
What is the remainder when 910707 is divided by 408?
51
What is the remainder when 519068 is divided by 73673?
3357
Calculate the remainder when 92175 is divided by 529.
129
What is the remainder when 88611 is divided by 8278?
5831
What is the remainder when 66581983 is divided by 2914?
2911
Calculate the remainder when 86936 is divided by 4344.
56
What is the remainder when 26751454 is divided by 31?
4
Calculate the remainder when 4008319 is divided by 7.
0
What is the remainder when 6358703 is divided by 423913?
8
Calculate the remainder when 2215090 is divided by 2215076.
14
Calculate the remainder when 3901867 is divided by 1014.
1009
Calculate the remainder when 21738138 is divided by 20644.
6
What is the remainder when 2350068 is divided by 123686?
34
Calculate the remainder when 1004287 is divided by 76.
23
What is the remainder when 7616840 is divided by 29?
19
Calculate the remainder when 220919913 is divided by 642.
9
What is the remainder when 179034784 is divided by 629?
627
What is the remainder when 9354364 is divided by 678?
676
What is the remainder when 6224867 is divided by 121?
22
Calculate the remainder when 294713 is divided by 4128.
1625
What is the remainder when 2290931 is divided by 81818?
27
Calculate the remainder when 439241 is divided by 440.
121
What is the remainder when 23756301 is divided by 156?
153
Calculate the remainder when 47868125 is divided by 88.
85
Calculate the remainder when 1810684 is divided by 78.
70
Calculate the remainder when 66905 is divided by 66876.
29
Calculate the remainder when 20445 is divided by 19316.
1129
What is the remainder when 1915873 is divided by 319302?
61
Calculate the remainder when 79174244 is divided by 1620.
1604
Calculate the remainder when 161254 is divided by 8046.
334
What is the remainder when 587438 is divided by 195811?
5
What is the remainder when 9732463 is divided by 9732300?
163
What is the remainder when 126119 is divided by 303?
71
Calculate the remainder when 973301 is divided by 973021.
280
What is the remainder when 1670831 is divided by 185613?
314
Calculate the remainder when 183950776 is divided by 737.
735
Calculate the remainder when 2220947 is divided by 555234.
11
Calculate the remainder when 2213949 is divided by 4018.
31
Calculate the remainder when 18478651 is divided by 42.
37
What is the remainder when 11613610 is divided by 303?
226
Calculate the remainder when 235395 is divided by 1682.
1597
Calculate the remainder when 12643858 is divided by 3160959.
22
Calculate the remainder when 168989 is divided by 42223.
97
Calculate the remainder when 409421 is divided by 132714.
11279
Calculate the remainder when 613999 is divided by 2506.
29
Calculate the remainder when 1498827 is divided by 17842.
99
What is the remainder when 2582903 is divided by 1993?
1968
What is the remainder when 177023 is divided by 3848?
15
What is the remainder when 4772 is divided by 1097?
384
What is the remainder when 99158745 is divided by 479?
476
What is the remainder when 4787774 is divided by 8?
6
Calculate the remainder when 334279 is divided by 1555.
1509
What is the remainder when 1822282 is divided by 3587?
86
What is the remainder when 94830 is divided by 46287?
2256
What is the remainder when 63512879 is divided by 2369?
2358
Calculate the remainder when 2613361 is divided by 1418.
1405
What is the remainder when 3040923 is divided by 1025?
773
What is the remainder when 422670 is divided by 84485?
245
What is the remainder when 124569 is divided by 1677?
471
What is the remainder when 3246808 is divided by 19559?
14
What is the remainder when 26295 is divided by 11660?
2975
What is the remainder when 128778 is divided by 475?
53
What is the remainder when 4644386 is divided by 102?
20
What is the remainder when 984816 is divided by 901?
23
What is the remainder when 4268177 is divided by 82?
77
What is the remainder when 469658 is divided by 5048?
194
What is the remainder when 111768 is divided by 246?
84
What is the remainder when 60012 is divided by 190?
162
Calculate the remainder when 2985303 is divided by 225.
3
Calculate the remainder when 123286 is divided by 274.
260
Calculate the remainder when 10554521 is divided by 7.
5
What is the remainder when 44306792 is divided by 168?
152
What is the remainder when 5639633 is divided by 1409902?
25
Calculate the remainder when 70016 is divided by 413.
219
Calculate the remainder when 807600 is divided by 269001.
597
What is the r